*2 + 2*t - 3. Suppose s = 4*s + 45. Let a = 12 + s. What is p(a)?
9
Let k(p) be the second derivative of p**4/6 + 7*p**3/6 - p**2 + 28*p. Give k(-5).
13
Let m(q) be the second derivative of -q**4/12 + q**3 + q**2 - 7*q. Give m(5).
7
Suppose 4 + 2 = x. Let q(k) = -x + 0*k + k + 2. Give q(5).
1
Let v(g) = -4*g**2 + 3*g + 4. Let k(t) = -5*t**2 + 3*t + 4. Let f(p) = -3*k(p) + 4*v(p). Let h = -129 + 132. Calculate f(h).
4
Let k(i) = -6*i**2 - i - 4. Let g(q) = -7*q**2 - q - 5. Let b(a) = -4*g(a) + 5*k(a). Suppose 4*w + 4*f - 8 = 0, 0*w + w + 2*f = 6. Determine b(w).
-6
Suppose s - 9 = -2*s. Let f(g) = 5*g - 7*g**2 - 1 - 4*g + g**s - 6. Give f(7).
0
Let j(i) be the first derivative of 9*i**2/2 + 1. Let d be (-140)/(-44) + 2/(-11). Suppose -3*x + 6 = m, 2*x + 2*m - 11 = -d. Give j(x).
9
Suppose -5 = 4*x + 15. Let z(l) = l**2 + 6*l. What is z(x)?
-5
Let x(y) = -7 + 3*y**2 + 2*y - 4*y**2 + 3 + 0*y**2. Let t be (-7)/(-5) + 2/(-5). Suppose t = -5*w + 16. Give x(w).
-7
Let h(y) = 16*y. Let l(r) = 3*r. Let j = 31 - 20. Let f(b) = j*l(b) - 2*h(b). Let t be (7 - 7)*2/(-4). Determine f(t).
0
Let g be ((-12)/15)/(2/(-10)). Let m(n) = -n**2 + n - 1. Let j be m(g). Let k = j + 8. Let w(v) = -v**2 - 5*v - 4. Calculate w(k).
-4
Let v = -43 - -47. Let h(b) be the third derivative of b**6/120 - b**5/12 + b**4/6 + b**3/6 + b**2. Give h(v).
1
Let i be 2*-5 + (12/(-4))/(-3). Let h(g) = -g - 4. Determine h(i).
5
Let l(r) be the third derivative of -r**4/12 + 5*r**3/3 - 38*r**2. Give l(-9).
28
Let n(p) be the third derivative of -p**7/2520 - p**6/720 - p**5/120 - 7*p**4/24 + 6*p**2. Let k(i) be the second derivative of n(i). Determine k(-1).
-1
Let p(l) = 4*l + 5. Let y(u) = 3*u + 4. Let j = -8 + 4. Suppose 0*z = -z + 5. Let w(v) = j*p(v) + z*y(v). What is w(-2)?
2
Let h(i) be the second derivative of -i**3/3 - i**2 + 21*i. Determine h(-3).
4
Let g(f) = -f - 1. Let w(p) = p - 23. Let y be w(16). Give g(y).
6
Let a(d) = d**2 - d - 1. Let p(k) = 4*k**2 - 10*k - 9. Let z(i) = 3*a(i) - p(i). What is z(8)?
-2
Let s = -31 + 30. Let t(q) = 5*q**3 - 2*q**2 - 2*q - 1. What is t(s)?
-6
Let i(u) = -u**2 - 6*u + 7. Suppose 0 = -5*w + w + 12. Suppose 0*f = -w*f - 18. Give i(f).
7
Let f(k) = 14*k - 1. Let v(p) = -42*p + 3. Let m(b) = -17*f(b) - 6*v(b). Let o be m(1). Let n = o + -8. Let i(y) = -y**3 + 4*y**2 + 7*y - 1. Determine i(n).
9
Let q be ((-7 - -9) + -3)*(2 + -2). Let c(j) be the third derivative of 0 + 0*j**3 + q*j + 1/8*j**4 + 3*j**2. Determine c(2).
6
Let b(d) = -3*d - 4. Let a(j) = -4*j - 1. Suppose -2 = 2*f, -3*m + 2*f - 1 = -0*m. Let t be a(m). Suppose -4*h + t*h = 3. Give b(h).
5
Let m(y) be the third derivative of -y**6/60 - y**5/20 + y**4/24 + y**3/3 + 15*y**2. What is m(-2)?
4
Let s(q) = -q**3 + 6*q**2 + 7*q - 3. Let v be s(7). Let z(m) = -m + 3. Calculate z(v).
6
Let a = 2 + 4. Suppose -2*k = -2*y - a*k + 28, -4*y - 4*k = -36. Suppose 0 = 2*o + o + y*i + 3, 0 = 4*o + 2*i + 14. Let v(g) = 2*g + 7. Give v(o).
-3
Let l(z) = -z**2 - 5*z - 4. Let x be l(-4). Let d(o) = x*o + o + 24 - 18. Give d(-6).
0
Let l(g) = 2*g - 20. Let k be l(8). Let y(p) = 3*p - 3*p - p - 1. Calculate y(k).
3
Let l = -20 - -24. Let w(d) = -d**2 - 2*d. What is w(l)?
-24
Let n(o) = -4*o - 6. Suppose 2*c - 34 = 6*c - 2*x, -x - 13 = 3*c. What is n(c)?
18
Let h = -102 + 102. Let k(n) be the first derivative of -n**4/4 + n**3/3 - 5*n - 1. Determine k(h).
-5
Suppose -3*v + 24 = -3*g, -2*v = -v + 4*g - 3. Let r = v + 2. Let n be 1/3 + 33/r. Let x(m) = 2*m - 2. Give x(n).
6
Let l(b) be the third derivative of b**8/6720 - b**7/1260 - b**5/60 - b**4/12 - 2*b**2. Let p(q) be the second derivative of l(q). Determine p(3).
7
Let t(p) = 3*p + 11. Let f be t(-3). Let q(x) be the third derivative of 1/24*x**4 + 0*x - 2*x**f + 0 + 1/3*x**3. Give q(-4).
-2
Suppose 4*n - 16 = -0. Suppose 4*q = -5*t - 6 + 1, 4*t - 3*q = -n. Let m(r) = -1. Let z(p) = 7*p - 1. Let b(a) = -m(a) + z(a). Determine b(t).
-7
Let x(a) = -3*a + 33*a**2 + 4 - 2 - 35*a**2. Calculate x(-4).
-18
Let x(m) = 4*m - 6. Let c(r) = -9*r + 13. Let o(k) = 2*c(k) + 5*x(k). What is o(5)?
6
Let q(l) = 10*l + l + 7 - 13*l. Calculate q(6).
-5
Let k(o) = -o - 13. Let z(u) = u + 14. Let q(g) = 5*k(g) + 4*z(g). What is q(-5)?
-4
Let d be 35/4 + 2/8. Let k = d + -14. Let i(g) = 2*g + 2. Give i(k).
-8
Let y(l) be the third derivative of -l**7/2520 - 7*l**6/720 - l**4/12 + l**2. Let x(h) be the second derivative of y(h). Calculate x(-6).
6
Let l(v) be the third derivative of v**4/12 - 2*v**3/3 - 35*v**2. What is l(3)?
2
Let h(b) = -6*b + 1 + 0*b + 2*b - b**2. Calculate h(-5).
-4
Let c(h) = -h**3 + 10*h**2 - 14*h - 9. Let u be c(8). Let y(g) = g**3 - 7*g**2 - 2*g + 4. Calculate y(u).
-10
Let l(w) = -w**2 + 5*w - 2. Let b be l(4). Let j(m) be the first derivative of 5/2*m**b - m - 1 + 1/3*m**3. What is j(-5)?
-1
Suppose -2*b = b - 3. Let j(v) = v**3 - v + 1. Let n(w) = -w**3 - 5*w + 5. Let t(c) = 4*j(c) - n(c). Give t(b).
5
Let b(v) be the third derivative of -1/60*v**5 - v**2 + 0 + 0*v**3 + 1/8*v**4 + 0*v. Let d be b(2). Let f(q) = q**3 - q**2 + 3*q - 3. What is f(d)?
7
Suppose 2*x = 7*x - 5*p - 25, 2*x + 4*p + 2 = 0. Let f be -4 - 4 - (0 - x). Let a(r) = -r - 3. What is a(f)?
2
Let q(s) = 3*s**3 + 17*s**2 + 14*s + 29. Let z(y) = -y**3 - 6*y**2 - 5*y - 10. Let r(o) = -6*q(o) - 17*z(o). Determine r(0).
-4
Suppose -12 = z + 8*j - 3*j, -z + 15 = -4*j. Let c(i) = -i + 5*i**2 + 2*i**3 + 0 - 1 - 4*i**3 + z*i**3. Calculate c(-5).
4
Suppose -5*p - 9 - 6 = 0. Let x(o) = o - 1. Let s(d) = -d. Let b(a) = p*x(a) - 2*s(a). Determine b(-4).
7
Suppose 0*g - 5*g + 5*z - 20 = 0, -10 = 4*g + 2*z. Let u(x) = -x. Let h(i) = 2*i + 2. Let v(y) = g*u(y) - h(y). Give v(4).
2
Let u(d) = d**2 - d. Let o be 2/1 + -1 - 0. Let p(s) = 6 - s - 1 - o - 10*s**2 - s**3. Let v(q) = p(q) + 4*u(q). Determine v(-5).
4
Let l be 10/(-3)*(-6)/4. Let p(a) = 5 - l*a + 3*a - 3. Calculate p(2).
-2
Let x be -1 - (0/1 + -4). Let r(j) = j - 4. Determine r(x).
-1
Let t(l) = -l**2 - 3*l + 2. Suppose 5*y = -12 - 3. What is t(y)?
2
Suppose -b - b = -14. Let g(q) = 4 + q**2 - b*q + 5*q - 5*q. Suppose a + 2*a - 15 = 0. Determine g(a).
-6
Let k = 12 - 16. Let a(q) = q**3 + 5*q**2 + 4*q + 3. Determine a(k).
3
Let s(r) = -7*r**3 + 6*r**3 - 5*r**2 + 7*r**2 + 7 + 5*r**2 - 8*r. Give s(6).
-5
Let l(z) = z + 1. Let k(h) be the first derivative of -h**4/4 + 5*h**3/3 + 4*h + 3. Suppose 4*d - 5*f = 6 + 9, -5*d - 4*f + 29 = 0. Let r be k(d). What is l(r)?
5
Let j(q) = -q**2 - 6*q - 5. Suppose 4*c - 8*c = 0. Suppose 0 = 4*l + 8, -3*k + 4*k - 2*l + 2 = c. Determine j(k).
-5
Let z(l) = l**2 - 1. Let u(f) = 2*f**2 + 6*f - 2. Let w(i) = -u(i) + 3*z(i). Let c be w(6). Let h(x) = 5*x**2 - x - 1. Calculate h(c).
5
Let u = -2 - -3. Let z = u + 0. Let f(a) = -5*a**2 - 2*a + 1. Determine f(z).
-6
Let w(z) be the second derivative of -z**5/20 + z**4/12 + z**3/6 - 3*z**2 + z. Suppose -4 = 4*o - 12. Let b be 4/(-22) + o/11. Calculate w(b).
-6
Let l(r) = 6*r + r**2 + r**3 + 7*r**2 - 13 + 5. Let o be ((-7)/(-2))/((-1)/2). Calculate l(o).
-1
Let t(p) = 4 + 4*p + 12 - 17. Give t(2).
7
Let a(h) = h**3 - 13*h**2 + 12*h + 4. Let o be a(12). Suppose -o = -2*g, -3*j + 2*g = 5 + 5. Let x(z) = z + 3. What is x(j)?
1
Let x(t) = -t**3 + 4*t**2 + 4. Suppose -5*g - 15 = 0, -2*h + 2*g + 22 = 2*h. Determine x(h).
4
Let w(b) = b**2 + 10*b + 12. Let f(q) = q**2 + 9*q + 11. Let s(x) = -3*f(x) + 2*w(x). Determine s(-7).
-9
Let o(p) = 0*p + 7*p**3 - p**2 - p + 2*p - 4*p**3. Calculate o(1).
3
Let u(i) = 2*i - 4. Let p be u(5). Let n be (-4)/(-3)*p/4. Let q(w) = 4*w. Calculate q(n).
8
Let u(l) = -5*l**3 - 6*l**2 - 7*l + 1. Let y(h) = h**3 + h**2 + h - 1. Let o(d) = u(d) + 6*y(d). Let z(n) be the first derivative of o(n). Calculate z(-1).
2
Let j(y) be the second derivative of y**5/20 - 5*y**4/6 - y**3/6 + 5*y**2 + 14*y. Give j(10).
0
Let a(b) = -4*b**3 + 2*b**2 - 5*b + 3. Let z(m) = m**3 + m**2 - 1. Let u(y) = a(y) + 3*z(y). Determine u(4).
-4
Let y(m) = -5*m - 2. Let t = 13 + -16. Let h(v) = 2*v + 1. Let q(k) = t*y(k) - 7*h(k). Give q(2).
1
Let r be (-42)/3 + (2 - 2). Let j = r - -9. Let i(a) = -a**3 - 4*a**2 + 5*a + 5. Determine i(j).
5
Let u(q) = 3*q**2 - q - 2. Let h = 16 + -11. Let b = h + -3. What is u(b)?
8
Let a(s) be the second derivative of s**3/6 - 5*s